{"id":75,"date":"2024-05-30T15:49:08","date_gmt":"2024-05-30T13:49:08","guid":{"rendered":"https:\/\/ventolini-services.com\/?page_id=75"},"modified":"2025-02-28T15:08:17","modified_gmt":"2025-02-28T14:08:17","slug":"service-de-destruction-darchives-et-documents-confidentiels","status":"publish","type":"page","link":"https:\/\/ventolini-services.com\/index.php\/service-de-destruction-darchives-et-documents-confidentiels\/","title":{"rendered":"Destruction Archives Confidentielles"},"content":{"rendered":"\n<p class=\"has-text-align-center has-luminous-vivid-orange-color has-text-color has-link-color has-medium-font-size wp-elements-b6661502859a59115706f5329bc2b398\"><strong>SERVICES DE DEBARRAS<\/strong><\/p>\n\n\n\n<p class=\"has-text-align-center has-luminous-vivid-orange-color has-text-color has-link-color has-medium-font-size wp-elements-458507699ce6d5c1ae176f670af0d9c7\"><strong>\u00ab\u00a0La s\u00e9curit\u00e9 de vos documents au c\u0153ur de nos pr\u00e9occupations\u00a0\u00bb<\/strong><\/p>\n\n\n\n<p><strong>Vous vous interrogez sur la destruction s\u00e9curis\u00e9e de vos archives sensibles ?<\/strong><\/p>\n\n\n\n<p>La soci\u00e9t\u00e9 <em><strong>V.D.S<\/strong><\/em> est votre partenaire de confiance pour le d\u00e9barrassage et la destruction de vos papiers encombrants, archives obsol\u00e8tes, documents confidentiels papiers, num\u00e9riques et de vos \u00e9quipements et supports informatiques.<\/p>\n\n\n\n<p>Nous mettons notre expertise et nos savoir-faire \u00e0 votre service pour vous garantir une destruction d&rsquo;archives confidentielles, conforme aux normes en vigueur et respectueuse de l&rsquo;environnement, afin de r\u00e9duire les risques de vols de documents et d\u2019usurpation d\u2019identit\u00e9.<\/p>\n\n\n\n<p>Que vous soyez un professionnel, une entreprise, une administration, une collectivit\u00e9 ou un particulier, nous vous proposons une gamme compl\u00e8te de services de destruction d&rsquo;archives adapt\u00e9s \u00e0 vos besoins sp\u00e9cifiques dans la protection de vos informations confidentielles (personnelles et financi\u00e8res) :<\/p>\n\n\n\n<ul class=\"wp-block-list\">\n<li><strong>Destruction de papiers confidentiels <\/strong>(documents administratifs et bancaires, ch\u00e9quiers, factures, contrats, archives de personnel, etc.)<\/li>\n\n\n\n<li><strong>Destruction de supports num\u00e9riques<\/strong> (disques durs, cl\u00e9s USB, CD-ROM, etc.)<\/li>\n\n\n\n<li><strong>Destruction d&rsquo;\u00e9quipements informatiques<\/strong> (ordinateurs, serveurs, photocopieurs, etc.)<\/li>\n\n\n\n<li><strong>Destruction d&rsquo;archives sp\u00e9cifiques<\/strong> (dossiers m\u00e9dicaux, radiographies, etc.)<\/li>\n<\/ul>\n\n\n\n<p>Nous conseillons sur les techniques d\u2019archivage et de classement et sur le d\u00e9lai de conservation de tous types de documents.<\/p>\n\n\n\n<ul class=\"wp-block-list\">\n<li><strong>S\u00e9curit\u00e9 garantie<\/strong> : Vos documents sont d\u00e9truits dans nos centres de traitement agr\u00e9\u00e9s par la CNIL et \u00e9quip\u00e9s de syst\u00e8mes de s\u00e9curit\u00e9 de pointe.<\/li>\n\n\n\n<li><strong>Tra\u00e7abilit\u00e9 totale<\/strong> : Un certificat de destruction vous est d\u00e9livr\u00e9 pour chaque op\u00e9ration, vous garantissant ainsi la tra\u00e7abilit\u00e9 et la confidentialit\u00e9 du processus.<\/li>\n\n\n\n<li><strong>Respect de l&rsquo;environnement<\/strong> : Nous nous engageons \u00e0 valoriser au maximum les d\u00e9chets g\u00e9n\u00e9r\u00e9s par la destruction de vos archives en les recyclant ou en les incin\u00e9rant dans des installations sp\u00e9cialis\u00e9es.<\/li>\n\n\n\n<li><strong>Tarifs comp\u00e9titifs<\/strong> : Nous vous proposons des tarifs justes et transparents, \u00e9tablis en fonction du volume et de la nature des documents \u00e0 d\u00e9truire.<\/li>\n<\/ul>\n\n\n\n<figure class=\"wp-block-image size-full\"><img loading=\"lazy\" decoding=\"async\" width=\"612\" height=\"406\" src=\"https:\/\/ventolini-services.com\/wp-content\/uploads\/2024\/07\/istockphoto-876586498-612x612-1.jpg\" alt=\"\" class=\"wp-image-386\" srcset=\"https:\/\/ventolini-services.com\/wp-content\/uploads\/2024\/07\/istockphoto-876586498-612x612-1.jpg 612w, https:\/\/ventolini-services.com\/wp-content\/uploads\/2024\/07\/istockphoto-876586498-612x612-1-300x199.jpg 300w\" sizes=\"auto, (max-width: 612px) 100vw, 612px\" \/><\/figure>\n\n\n\n<p class=\"has-luminous-vivid-orange-color has-text-color has-link-color has-medium-font-size wp-elements-67eb230e27c684620772182fa06bf35e\" style=\"font-style:italic;font-weight:700\">LA NORME DIN 66 399&nbsp;:<\/p>\n\n\n\n<p>La loi impose de prot\u00e9ger et de d\u00e9truire vos donn\u00e9es personnelles et confidentielles. La destruction de vos archives est effectu\u00e9e par des proc\u00e9d\u00e9s de d\u00e9chiquetage avanc\u00e9s, de mani\u00e8re \u00e0 ce que les r\u00e9sidus soient illisibles et ind\u00e9chiffrables garantissant l\u2019irr\u00e9cup\u00e9rabilit\u00e9 et l\u2019impossibilit\u00e9 de lecture de vos donn\u00e9es, suivant 3 cat\u00e9gories&nbsp;:<\/p>\n\n\n\n<ul class=\"wp-block-list\">\n<li><strong>CLASSE 1&nbsp;<\/strong><strong>: Protection normale&nbsp;:<\/strong><\/li>\n<\/ul>\n\n\n\n<p>Pour des donn\u00e9es internes dont la divulgation peut avoir un impact n\u00e9gatif sur l\u2019entreprise ou un risque d\u2019usurpation d\u2019identit\u00e9 pour le particulier. (donn\u00e9es sensibles et confidentielles)<\/p>\n\n\n\n<ul class=\"wp-block-list\">\n<li><strong>CLASSE 2&nbsp;:<\/strong><strong> Protection \u00e9lev\u00e9e&nbsp;:<\/strong><\/li>\n<\/ul>\n\n\n\n<p>Pour des documents confidentiels dont la divulgation aurait un impact consid\u00e9rable ou enfreindrait des obligations l\u00e9gales de l\u2019entreprise, ou un risque sur la position \u00e9conomique et sociale d\u2019un individu. (donn\u00e9es ultras sensibles et secr\u00e8tes)<\/p>\n\n\n\n<ul class=\"wp-block-list\">\n<li><strong>CLASSE 3<\/strong><strong>&nbsp;:<\/strong><strong> Protection tr\u00e8s \u00e9lev\u00e9e&nbsp;:<\/strong><\/li>\n<\/ul>\n\n\n\n<p>Pour les documents confidentiels et top secret dont la divulgation aurait des cons\u00e9quences pouvant menacer l\u2019existence de l\u2019entreprise, d\u2019une entit\u00e9 ou d\u2019un gouvernement, portant atteinte \u00e0 la sant\u00e9, la s\u00e9curit\u00e9, la vie ou la libert\u00e9 d\u2019un individu. (donn\u00e9es \u00ab&nbsp;secret d\u00e9fense&nbsp;\u00bb)<\/p>\n\n\n\n<figure class=\"wp-block-image size-full is-resized\"><img loading=\"lazy\" decoding=\"async\" width=\"410\" height=\"612\" src=\"https:\/\/ventolini-services.com\/wp-content\/uploads\/2024\/07\/istockphoto-140261413-612x612-1.jpg\" alt=\"\" class=\"wp-image-388\" style=\"width:533px;height:auto\" srcset=\"https:\/\/ventolini-services.com\/wp-content\/uploads\/2024\/07\/istockphoto-140261413-612x612-1.jpg 410w, https:\/\/ventolini-services.com\/wp-content\/uploads\/2024\/07\/istockphoto-140261413-612x612-1-201x300.jpg 201w\" sizes=\"auto, (max-width: 410px) 100vw, 410px\" \/><\/figure>\n\n\n\n<p>Nous intervenons ponctuellement ou de mani\u00e8re r\u00e9guli\u00e8re&nbsp;: Conseil, d\u00e9sarchivage, manutention, transport et destruction de tous vos documents, qui pr\u00e9servera 100% de confidentialit\u00e9.<\/p>\n\n\n\n<p>En confiant la destruction de vos archives \u00e0 <em><strong>V.D.S<\/strong><\/em>, vous avez l&rsquo;assurance d&rsquo;une prestation de qualit\u00e9 irr\u00e9prochable, pratique et \u00e9conomique, d&rsquo;un engagement fiable en mati\u00e8re de s\u00e9curit\u00e9 et de respect de l\u2019environnement.<\/p>\n\n\n\n<p>Une question&nbsp;? Une urgence&nbsp;? Notre \u00e9quipe d\u2019experts en mati\u00e8re de conseils en gestion, d\u00e9barras et destruction d\u2019archives, est \u00e0 votre disposition et nous pouvons intervenir rapidement.<\/p>\n\n\n\n<p><strong>N&rsquo;h\u00e9sitez pas \u00e0 nous contacter pour une demande de devis gratuit ou pour toute information compl\u00e9mentaire.<\/strong><\/p>\n\n\n\n<div class=\"wp-block-group\"><div class=\"wp-block-group__inner-container is-layout-constrained wp-block-group-is-layout-constrained\">\n<div class=\"wp-block-buttons is-layout-flex wp-block-buttons-is-layout-flex\">\n<div class=\"wp-block-button has-custom-width wp-block-button__width-50 is-style-fill\"><a class=\"wp-block-button__link has-luminous-vivid-orange-background-color has-background wp-element-button\" href=\"tel:0635026881\"> 06.35.02.68.81<\/a><\/div>\n\n\n\n<div class=\"wp-block-button has-custom-width wp-block-button__width-50\"><a class=\"wp-block-button__link has-luminous-vivid-orange-background-color has-background wp-element-button\" href=\"https:\/\/ventolini-services.com\/index.php\/contact#24h\">Demandez votre devis<\/a><\/div>\n<\/div>\n<\/div><\/div>\n\n\n\n<p><\/p>\n\n\n\n<p class=\"has-luminous-vivid-orange-color has-text-color has-link-color has-small-font-size wp-elements-4ddce148a9cd8668134099a202871a30\"><strong><em>V.D.S, un Service Client adapt\u00e9&nbsp;:<\/em><\/strong><\/p>\n\n\n\n<ul class=\"wp-block-list has-cyan-bluish-gray-color has-text-color has-link-color has-small-font-size wp-elements-14c6620e073cd10357d5acc449bd34ba\">\n<li><strong>Service de proximit\u00e9 sur toute la r\u00e9gion PACA<\/strong><\/li>\n\n\n\n<li><strong>Devis et d\u00e9placement gratuits sous 12h<\/strong><\/li>\n\n\n\n<li><strong>Disponible 7j\/7 et intervention rapide sous 24h<\/strong><\/li>\n\n\n\n<li><strong>D\u00e9barras et nettoyage complet ou sur mesure<\/strong><\/li>\n\n\n\n<li><strong>Sp\u00e9cialiste des acc\u00e8s difficiles<\/strong><\/li>\n\n\n\n<li><strong>Utilisation de mat\u00e9riels et v\u00e9hicules adapt\u00e9s<\/strong><\/li>\n\n\n\n<li><strong>Un tri responsable et respect des normes environnementales<\/strong><\/li>\n\n\n\n<li><strong>\u00c9quipe de professionnels des nettoyages extr\u00eames<\/strong><\/li>\n\n\n\n<li><strong>Nettoyage apr\u00e8s chaque intervention<\/strong><\/li>\n\n\n\n<li><strong>Un service cl\u00e9 en main d\u2019un travail soign\u00e9 et discr\u00e9tion assur\u00e9e<\/strong><\/li>\n<\/ul>\n","protected":false},"excerpt":{"rendered":"<p>SERVICES DE DEBARRAS \u00ab\u00a0La s\u00e9curit\u00e9 de vos documents au c\u0153ur de nos pr\u00e9occupations\u00a0\u00bb Vous vous interrogez sur la destruction s\u00e9curis\u00e9e de vos archives sensibles ? La soci\u00e9t\u00e9 V.D.S est votre partenaire de confiance pour le d\u00e9barrassage et la destruction de vos papiers encombrants, archives obsol\u00e8tes, documents confidentiels papiers, num\u00e9riques et de vos \u00e9quipements et supports &hellip; <\/p>\n<p class=\"link-more\"><a href=\"https:\/\/ventolini-services.com\/index.php\/service-de-destruction-darchives-et-documents-confidentiels\/\" class=\"more-link\">Continuer la lecture<span class=\"screen-reader-text\"> de &laquo;&nbsp;Destruction Archives Confidentielles&nbsp;&raquo;<\/span><\/a><\/p>\n","protected":false},"author":1,"featured_media":389,"parent":0,"menu_order":0,"comment_status":"closed","ping_status":"closed","template":"","meta":{"footnotes":""},"class_list":["post-75","page","type-page","status-publish","has-post-thumbnail","hentry"],"yoast_head":"<!-- This site is optimized with the Yoast SEO plugin v23.6 - https:\/\/yoast.com\/wordpress\/plugins\/seo\/ -->\n<title>Destruction Archives Confidentielles - Ventolini D\u00e9barras Services<\/title>\n<meta name=\"description\" content=\"Destruction s\u00e9curis\u00e9e de vos archives confidentielles et respect des normes en vigueur. Conforme RGPD. Certificat de destruction.\" \/>\n<meta name=\"robots\" content=\"index, follow, max-snippet:-1, max-image-preview:large, max-video-preview:-1\" \/>\n<link rel=\"canonical\" href=\"https:\/\/ventolini-services.com\/index.php\/service-de-destruction-darchives-et-documents-confidentiels\/\" \/>\n<meta property=\"og:locale\" content=\"fr_FR\" \/>\n<meta property=\"og:type\" content=\"article\" \/>\n<meta property=\"og:title\" content=\"Destruction Archives Confidentielles - Ventolini D\u00e9barras Services\" \/>\n<meta property=\"og:description\" content=\"Destruction s\u00e9curis\u00e9e de vos archives confidentielles et respect des normes en vigueur. Conforme RGPD. Certificat de destruction.\" \/>\n<meta property=\"og:url\" content=\"https:\/\/ventolini-services.com\/index.php\/service-de-destruction-darchives-et-documents-confidentiels\/\" \/>\n<meta property=\"og:site_name\" content=\"Ventolini D\u00e9barras Services\" \/>\n<meta property=\"article:publisher\" content=\"https:\/\/www.facebook.com\/VentoliniDebarrasServices\" \/>\n<meta property=\"article:modified_time\" content=\"2025-02-28T14:08:17+00:00\" \/>\n<meta property=\"og:image\" content=\"http:\/\/ventolini-services.com\/wp-content\/uploads\/2024\/07\/istockphoto-944137720-612x612-1.jpg\" \/>\n\t<meta property=\"og:image:width\" content=\"612\" \/>\n\t<meta property=\"og:image:height\" content=\"408\" \/>\n\t<meta property=\"og:image:type\" content=\"image\/jpeg\" \/>\n<meta name=\"twitter:card\" content=\"summary_large_image\" \/>\n<meta name=\"twitter:label1\" content=\"Dur\u00e9e de lecture estim\u00e9e\" \/>\n\t<meta name=\"twitter:data1\" content=\"4 minutes\" \/>\n<script type=\"application\/ld+json\" class=\"yoast-schema-graph\">{\"@context\":\"https:\/\/schema.org\",\"@graph\":[{\"@type\":\"WebPage\",\"@id\":\"https:\/\/ventolini-services.com\/index.php\/service-de-destruction-darchives-et-documents-confidentiels\/\",\"url\":\"https:\/\/ventolini-services.com\/index.php\/service-de-destruction-darchives-et-documents-confidentiels\/\",\"name\":\"Destruction Archives Confidentielles - Ventolini D\u00e9barras Services\",\"isPartOf\":{\"@id\":\"https:\/\/ventolini-services.com\/#website\"},\"primaryImageOfPage\":{\"@id\":\"https:\/\/ventolini-services.com\/index.php\/service-de-destruction-darchives-et-documents-confidentiels\/#primaryimage\"},\"image\":{\"@id\":\"https:\/\/ventolini-services.com\/index.php\/service-de-destruction-darchives-et-documents-confidentiels\/#primaryimage\"},\"thumbnailUrl\":\"https:\/\/ventolini-services.com\/wp-content\/uploads\/2024\/07\/istockphoto-944137720-612x612-1.jpg\",\"datePublished\":\"2024-05-30T13:49:08+00:00\",\"dateModified\":\"2025-02-28T14:08:17+00:00\",\"description\":\"Destruction s\u00e9curis\u00e9e de vos archives confidentielles et respect des normes en vigueur. Conforme RGPD. Certificat de destruction.\",\"breadcrumb\":{\"@id\":\"https:\/\/ventolini-services.com\/index.php\/service-de-destruction-darchives-et-documents-confidentiels\/#breadcrumb\"},\"inLanguage\":\"fr-FR\",\"potentialAction\":[{\"@type\":\"ReadAction\",\"target\":[\"https:\/\/ventolini-services.com\/index.php\/service-de-destruction-darchives-et-documents-confidentiels\/\"]}]},{\"@type\":\"ImageObject\",\"inLanguage\":\"fr-FR\",\"@id\":\"https:\/\/ventolini-services.com\/index.php\/service-de-destruction-darchives-et-documents-confidentiels\/#primaryimage\",\"url\":\"https:\/\/ventolini-services.com\/wp-content\/uploads\/2024\/07\/istockphoto-944137720-612x612-1.jpg\",\"contentUrl\":\"https:\/\/ventolini-services.com\/wp-content\/uploads\/2024\/07\/istockphoto-944137720-612x612-1.jpg\",\"width\":612,\"height\":408,\"caption\":\"Blurred motion of contemporary worker with packed box walking to new office while delivering it to client\"},{\"@type\":\"BreadcrumbList\",\"@id\":\"https:\/\/ventolini-services.com\/index.php\/service-de-destruction-darchives-et-documents-confidentiels\/#breadcrumb\",\"itemListElement\":[{\"@type\":\"ListItem\",\"position\":1,\"name\":\"Accueil\",\"item\":\"https:\/\/ventolini-services.com\/\"},{\"@type\":\"ListItem\",\"position\":2,\"name\":\"Destruction Archives Confidentielles\"}]},{\"@type\":\"WebSite\",\"@id\":\"https:\/\/ventolini-services.com\/#website\",\"url\":\"https:\/\/ventolini-services.com\/\",\"name\":\"Ventolini D\u00e9barras Services\",\"description\":\"Un engagement \u00e0 votre service, votre partenaire de confiance pour particulier et professionnel.\",\"publisher\":{\"@id\":\"https:\/\/ventolini-services.com\/#organization\"},\"alternateName\":\"vds\",\"potentialAction\":[{\"@type\":\"SearchAction\",\"target\":{\"@type\":\"EntryPoint\",\"urlTemplate\":\"https:\/\/ventolini-services.com\/?s={search_term_string}\"},\"query-input\":{\"@type\":\"PropertyValueSpecification\",\"valueRequired\":true,\"valueName\":\"search_term_string\"}}],\"inLanguage\":\"fr-FR\"},{\"@type\":\"Organization\",\"@id\":\"https:\/\/ventolini-services.com\/#organization\",\"name\":\"Ventolini D\u00e9barras Services\",\"url\":\"https:\/\/ventolini-services.com\/\",\"logo\":{\"@type\":\"ImageObject\",\"inLanguage\":\"fr-FR\",\"@id\":\"https:\/\/ventolini-services.com\/#\/schema\/logo\/image\/\",\"url\":\"https:\/\/ventolini-services.com\/wp-content\/uploads\/2024\/05\/cropped-VDS-vignette1-1.png\",\"contentUrl\":\"https:\/\/ventolini-services.com\/wp-content\/uploads\/2024\/05\/cropped-VDS-vignette1-1.png\",\"width\":250,\"height\":250,\"caption\":\"Ventolini D\u00e9barras Services\"},\"image\":{\"@id\":\"https:\/\/ventolini-services.com\/#\/schema\/logo\/image\/\"},\"sameAs\":[\"https:\/\/www.facebook.com\/VentoliniDebarrasServices\"]}]}<\/script>\n<!-- \/ Yoast SEO plugin. -->","yoast_head_json":{"title":"Destruction Archives Confidentielles - Ventolini D\u00e9barras Services","description":"Destruction s\u00e9curis\u00e9e de vos archives confidentielles et respect des normes en vigueur. Conforme RGPD. Certificat de destruction.","robots":{"index":"index","follow":"follow","max-snippet":"max-snippet:-1","max-image-preview":"max-image-preview:large","max-video-preview":"max-video-preview:-1"},"canonical":"https:\/\/ventolini-services.com\/index.php\/service-de-destruction-darchives-et-documents-confidentiels\/","og_locale":"fr_FR","og_type":"article","og_title":"Destruction Archives Confidentielles - Ventolini D\u00e9barras Services","og_description":"Destruction s\u00e9curis\u00e9e de vos archives confidentielles et respect des normes en vigueur. Conforme RGPD. Certificat de destruction.","og_url":"https:\/\/ventolini-services.com\/index.php\/service-de-destruction-darchives-et-documents-confidentiels\/","og_site_name":"Ventolini D\u00e9barras Services","article_publisher":"https:\/\/www.facebook.com\/VentoliniDebarrasServices","article_modified_time":"2025-02-28T14:08:17+00:00","og_image":[{"width":612,"height":408,"url":"http:\/\/ventolini-services.com\/wp-content\/uploads\/2024\/07\/istockphoto-944137720-612x612-1.jpg","type":"image\/jpeg"}],"twitter_card":"summary_large_image","twitter_misc":{"Dur\u00e9e de lecture estim\u00e9e":"4 minutes"},"schema":{"@context":"https:\/\/schema.org","@graph":[{"@type":"WebPage","@id":"https:\/\/ventolini-services.com\/index.php\/service-de-destruction-darchives-et-documents-confidentiels\/","url":"https:\/\/ventolini-services.com\/index.php\/service-de-destruction-darchives-et-documents-confidentiels\/","name":"Destruction Archives Confidentielles - Ventolini D\u00e9barras Services","isPartOf":{"@id":"https:\/\/ventolini-services.com\/#website"},"primaryImageOfPage":{"@id":"https:\/\/ventolini-services.com\/index.php\/service-de-destruction-darchives-et-documents-confidentiels\/#primaryimage"},"image":{"@id":"https:\/\/ventolini-services.com\/index.php\/service-de-destruction-darchives-et-documents-confidentiels\/#primaryimage"},"thumbnailUrl":"https:\/\/ventolini-services.com\/wp-content\/uploads\/2024\/07\/istockphoto-944137720-612x612-1.jpg","datePublished":"2024-05-30T13:49:08+00:00","dateModified":"2025-02-28T14:08:17+00:00","description":"Destruction s\u00e9curis\u00e9e de vos archives confidentielles et respect des normes en vigueur. Conforme RGPD. Certificat de destruction.","breadcrumb":{"@id":"https:\/\/ventolini-services.com\/index.php\/service-de-destruction-darchives-et-documents-confidentiels\/#breadcrumb"},"inLanguage":"fr-FR","potentialAction":[{"@type":"ReadAction","target":["https:\/\/ventolini-services.com\/index.php\/service-de-destruction-darchives-et-documents-confidentiels\/"]}]},{"@type":"ImageObject","inLanguage":"fr-FR","@id":"https:\/\/ventolini-services.com\/index.php\/service-de-destruction-darchives-et-documents-confidentiels\/#primaryimage","url":"https:\/\/ventolini-services.com\/wp-content\/uploads\/2024\/07\/istockphoto-944137720-612x612-1.jpg","contentUrl":"https:\/\/ventolini-services.com\/wp-content\/uploads\/2024\/07\/istockphoto-944137720-612x612-1.jpg","width":612,"height":408,"caption":"Blurred motion of contemporary worker with packed box walking to new office while delivering it to client"},{"@type":"BreadcrumbList","@id":"https:\/\/ventolini-services.com\/index.php\/service-de-destruction-darchives-et-documents-confidentiels\/#breadcrumb","itemListElement":[{"@type":"ListItem","position":1,"name":"Accueil","item":"https:\/\/ventolini-services.com\/"},{"@type":"ListItem","position":2,"name":"Destruction Archives Confidentielles"}]},{"@type":"WebSite","@id":"https:\/\/ventolini-services.com\/#website","url":"https:\/\/ventolini-services.com\/","name":"Ventolini D\u00e9barras Services","description":"Un engagement \u00e0 votre service, votre partenaire de confiance pour particulier et professionnel.","publisher":{"@id":"https:\/\/ventolini-services.com\/#organization"},"alternateName":"vds","potentialAction":[{"@type":"SearchAction","target":{"@type":"EntryPoint","urlTemplate":"https:\/\/ventolini-services.com\/?s={search_term_string}"},"query-input":{"@type":"PropertyValueSpecification","valueRequired":true,"valueName":"search_term_string"}}],"inLanguage":"fr-FR"},{"@type":"Organization","@id":"https:\/\/ventolini-services.com\/#organization","name":"Ventolini D\u00e9barras Services","url":"https:\/\/ventolini-services.com\/","logo":{"@type":"ImageObject","inLanguage":"fr-FR","@id":"https:\/\/ventolini-services.com\/#\/schema\/logo\/image\/","url":"https:\/\/ventolini-services.com\/wp-content\/uploads\/2024\/05\/cropped-VDS-vignette1-1.png","contentUrl":"https:\/\/ventolini-services.com\/wp-content\/uploads\/2024\/05\/cropped-VDS-vignette1-1.png","width":250,"height":250,"caption":"Ventolini D\u00e9barras Services"},"image":{"@id":"https:\/\/ventolini-services.com\/#\/schema\/logo\/image\/"},"sameAs":["https:\/\/www.facebook.com\/VentoliniDebarrasServices"]}]}},"_links":{"self":[{"href":"https:\/\/ventolini-services.com\/index.php\/wp-json\/wp\/v2\/pages\/75","targetHints":{"allow":["GET"]}}],"collection":[{"href":"https:\/\/ventolini-services.com\/index.php\/wp-json\/wp\/v2\/pages"}],"about":[{"href":"https:\/\/ventolini-services.com\/index.php\/wp-json\/wp\/v2\/types\/page"}],"author":[{"embeddable":true,"href":"https:\/\/ventolini-services.com\/index.php\/wp-json\/wp\/v2\/users\/1"}],"replies":[{"embeddable":true,"href":"https:\/\/ventolini-services.com\/index.php\/wp-json\/wp\/v2\/comments?post=75"}],"version-history":[{"count":8,"href":"https:\/\/ventolini-services.com\/index.php\/wp-json\/wp\/v2\/pages\/75\/revisions"}],"predecessor-version":[{"id":528,"href":"https:\/\/ventolini-services.com\/index.php\/wp-json\/wp\/v2\/pages\/75\/revisions\/528"}],"wp:featuredmedia":[{"embeddable":true,"href":"https:\/\/ventolini-services.com\/index.php\/wp-json\/wp\/v2\/media\/389"}],"wp:attachment":[{"href":"https:\/\/ventolini-services.com\/index.php\/wp-json\/wp\/v2\/media?parent=75"}],"curies":[{"name":"wp","href":"https:\/\/api.w.org\/{rel}","templated":true}]}}