{"id":73,"date":"2024-05-30T15:47:04","date_gmt":"2024-05-30T13:47:04","guid":{"rendered":"https:\/\/ventolini-services.com\/?page_id=73"},"modified":"2024-11-15T21:50:27","modified_gmt":"2024-11-15T20:50:27","slug":"service-de-renovation-restauration-et-reparation","status":"publish","type":"page","link":"https:\/\/ventolini-services.com\/index.php\/service-de-renovation-restauration-et-reparation\/","title":{"rendered":"R\u00e9novation, Restauration et R\u00e9paration"},"content":{"rendered":"\n<p class=\"has-text-align-center has-luminous-vivid-orange-color has-text-color has-link-color has-medium-font-size wp-elements-b6661502859a59115706f5329bc2b398\"><strong>SERVICES DE DEBARRAS<\/strong><\/p>\n\n\n\n<p>Locataire ou propri\u00e9taire, vous souhaitez d\u00e9m\u00e9nager, vendre ou louer votre bien, il est important, avant ou suite \u00e0 un \u00e9tat des lieux, d\u2019effectuer des travaux de nettoyage, de rafra\u00eechissement, de r\u00e9novation ou de r\u00e9paration afin de valoriser au mieux votre bien immobilier.<\/p>\n\n\n\n<p>Que ce soit un appartement, une maison, un commerce, une cave ou encore un garage, difficile d\u2019acc\u00e8s ou non, nous vous offrons des services de tous types de bricolage, de r\u00e9novation et de remise en \u00e9tat. <\/p>\n\n\n\n<p><strong><em>V.D.S<\/em><\/strong> vous propose des services de petites r\u00e9novations afin d\u2019embellir et d\u2019effacer les traces de vieillissement d\u00fb au temps. Certains \u00e9l\u00e9ments du logement, de ses d\u00e9pendances et de son ext\u00e9rieur doivent \u00eatre chang\u00e9s et d\u2019autres r\u00e9nov\u00e9s ou juste d\u00e9personnalis\u00e9s.<\/p>\n\n\n\n<figure class=\"wp-block-image size-full is-resized\"><img loading=\"lazy\" decoding=\"async\" width=\"1000\" height=\"560\" src=\"http:\/\/ventolini-services.com\/wp-content\/uploads\/2024\/07\/30949360-entreprise-renovation-maison.jpeg\" alt=\"\" class=\"wp-image-432\" style=\"width:614px;height:auto\" srcset=\"https:\/\/ventolini-services.com\/wp-content\/uploads\/2024\/07\/30949360-entreprise-renovation-maison.jpeg 1000w, https:\/\/ventolini-services.com\/wp-content\/uploads\/2024\/07\/30949360-entreprise-renovation-maison-300x168.jpeg 300w, https:\/\/ventolini-services.com\/wp-content\/uploads\/2024\/07\/30949360-entreprise-renovation-maison-768x430.jpeg 768w\" sizes=\"auto, (max-width: 767px) 89vw, (max-width: 1000px) 54vw, (max-width: 1071px) 543px, 580px\" \/><\/figure>\n\n\n\n<p class=\"has-luminous-vivid-orange-color has-text-color has-link-color wp-elements-2cf34449843d6d310e3f54d966e6fc38\"><strong>PARTIES INTERIEURES&nbsp;:<\/strong><\/p>\n\n\n\n<ul class=\"wp-block-list\">\n<li><strong>Rebouchage des trous dans les murs et plafonds.<\/strong><\/li>\n\n\n\n<li><strong>Plomberie&nbsp;: remplacement des joints et colliers, des tuyaux de raccordement, nettoyage des d\u00e9p<\/strong><strong>\u00f4ts de calcaire<\/strong>.<\/li>\n\n\n\n<li><strong>Rev<\/strong><strong>\u00eatement des sols&nbsp;: d\u00e9collage, enl\u00e8vement et pose de moquette, sol plastique, dalle et carrelage.<\/strong><\/li>\n\n\n\n<li><strong>Pose de parquet flottant et stratifi\u00e9.<\/strong><\/li>\n\n\n\n<li><strong>R\u00e9paration des poign\u00e9es et serrures de porte, graissage des gonds et des charni\u00e8res, rabotage.<\/strong><\/li>\n\n\n\n<li><strong>Remplacement ou r\u00e9paration des interrupteurs et des prises \u00e9lectriques.<\/strong><\/li>\n\n\n\n<li><strong>Remplacement des joins de salle de bain et cuisine.<\/strong><\/li>\n\n\n\n<li><strong>Lessivage, peinture et rafra\u00eechissement totale ou partiel des murs.<\/strong><\/li>\n\n\n\n<li><strong>\u00c9quipements \u00e9lectriques&nbsp;: Changement des douilles, des coupe-circuits, des fusibles, des baguettes ou gaines de protection et des ampoules.<\/strong><\/li>\n\n\n\n<li><strong>Restauration de menuiserie, boiserie et encadrement de portes et fen<\/strong><strong>\u00eatres et r\u00e9fection des mastics.<\/strong><\/li>\n\n\n\n<li><strong>Nettoyage et d\u00e9sinfection de climatiseurs<\/strong>.<\/li>\n\n\n\n<li><strong>D\u00e9montage et remontage de meubles<\/strong>.<\/li>\n\n\n\n<li><strong>Remplacement ou mise en place de d\u00e9tecteur de fum\u00e9e DAAF.<\/strong><\/li>\n<\/ul>\n\n\n\n<figure class=\"wp-block-image size-large is-resized\"><img loading=\"lazy\" decoding=\"async\" width=\"1024\" height=\"640\" src=\"http:\/\/ventolini-services.com\/wp-content\/uploads\/2024\/07\/renovation-maison-1-1024x640.jpg\" alt=\"\" class=\"wp-image-429\" style=\"width:617px;height:auto\" srcset=\"https:\/\/ventolini-services.com\/wp-content\/uploads\/2024\/07\/renovation-maison-1-1024x640.jpg 1024w, https:\/\/ventolini-services.com\/wp-content\/uploads\/2024\/07\/renovation-maison-1-300x188.jpg 300w, https:\/\/ventolini-services.com\/wp-content\/uploads\/2024\/07\/renovation-maison-1-768x480.jpg 768w, https:\/\/ventolini-services.com\/wp-content\/uploads\/2024\/07\/renovation-maison-1-1536x960.jpg 1536w, https:\/\/ventolini-services.com\/wp-content\/uploads\/2024\/07\/renovation-maison-1.jpg 1920w\" sizes=\"auto, (max-width: 767px) 89vw, (max-width: 1000px) 54vw, (max-width: 1071px) 543px, 580px\" \/><\/figure>\n\n\n\n<p class=\"has-luminous-vivid-orange-color has-text-color has-link-color wp-elements-aea1c2dcd5a1e9427befd51c27d1a8e0\"><strong>PARTIES EXTERIEURES&nbsp;:<\/strong><\/p>\n\n\n\n<ul class=\"wp-block-list\">\n<li><strong>D\u00e9gorgement&nbsp;de conduits des descentes d\u2019eaux pluviales, ch\u00e9neaux et goutti\u00e8res.<\/strong><\/li>\n\n\n\n<li><strong>\u00c9limination de mousse&nbsp;des auvents et terrasses.<\/strong><\/li>\n\n\n\n<li><strong>Restauration et traitement des terrasses et mobiliers en bois ou en teck.<\/strong><\/li>\n\n\n\n<li><strong>Nettoyage \u00e0 haute pression des terrasses, balcons, chemins et all\u00e9es ainsi que toutes parties communes (locaux, parkings).<\/strong><\/li>\n\n\n\n<li><strong>Entretien des ext\u00e9rieurs (piscine, jardins et all\u00e9es).<\/strong><\/li>\n\n\n\n<li><strong>Ramonage de conduit de chemin\u00e9e et po\u00eale \u00e0 bois.<\/strong><\/li>\n<\/ul>\n\n\n\n<figure class=\"wp-block-image size-full is-resized\"><img loading=\"lazy\" decoding=\"async\" width=\"369\" height=\"137\" src=\"https:\/\/ventolini-services.com\/wp-content\/uploads\/2024\/07\/telechargement-3.jpeg\" alt=\"\" class=\"wp-image-440\" style=\"width:579px;height:auto\" srcset=\"https:\/\/ventolini-services.com\/wp-content\/uploads\/2024\/07\/telechargement-3.jpeg 369w, https:\/\/ventolini-services.com\/wp-content\/uploads\/2024\/07\/telechargement-3-300x111.jpeg 300w\" sizes=\"auto, (max-width: 369px) 100vw, 369px\" \/><\/figure>\n\n\n\n<p>Et plus encore selon les lieux, notre exp\u00e9rience vous sera propos\u00e9e sur place pour vous aider \u00e0 trouver les bonnes solutions pour r\u00e9nover l\u2019espace de votre choix.<\/p>\n\n\n\n<figure class=\"wp-block-image size-full is-resized\"><img loading=\"lazy\" decoding=\"async\" width=\"1000\" height=\"500\" src=\"https:\/\/ventolini-services.com\/wp-content\/uploads\/2024\/07\/entreprise-renovation.jpg\" alt=\"\" class=\"wp-image-442\" style=\"width:616px;height:auto\" srcset=\"https:\/\/ventolini-services.com\/wp-content\/uploads\/2024\/07\/entreprise-renovation.jpg 1000w, https:\/\/ventolini-services.com\/wp-content\/uploads\/2024\/07\/entreprise-renovation-300x150.jpg 300w, https:\/\/ventolini-services.com\/wp-content\/uploads\/2024\/07\/entreprise-renovation-768x384.jpg 768w\" sizes=\"auto, (max-width: 767px) 89vw, (max-width: 1000px) 54vw, (max-width: 1071px) 543px, 580px\" \/><\/figure>\n\n\n\n<p>Nous sommes consciencieux, exp\u00e9riment\u00e9s, s\u00e9rieux et rapides pour r\u00e9pondre \u00e0 vos imp\u00e9ratifs de d\u00e9lais et de contraintes budg\u00e9taires. Avec <strong><em>V.D.S<\/em><\/strong>, vous pouvez appr\u00e9hender la vente ou la location de votre habitation, bureau ou commerce en toute s\u00e9r\u00e9nit\u00e9, en vous offrant des prestations simples de travaux de r\u00e9novation et de remise en \u00e9tat.<\/p>\n\n\n\n<p>Notre m\u00e9thode est simple, rapide et efficace :&nbsp;d\u00e9sencombrement, d\u00e9personnalisation, r\u00e9paration, r\u00e9novation et&nbsp;nettoyage.<\/p>\n\n\n\n<figure class=\"wp-block-image size-full\"><img loading=\"lazy\" decoding=\"async\" width=\"612\" height=\"459\" src=\"http:\/\/ventolini-services.com\/wp-content\/uploads\/2024\/07\/VDS-PHOTO-RENOVATION.jpg\" alt=\"\" class=\"wp-image-397\" srcset=\"https:\/\/ventolini-services.com\/wp-content\/uploads\/2024\/07\/VDS-PHOTO-RENOVATION.jpg 612w, https:\/\/ventolini-services.com\/wp-content\/uploads\/2024\/07\/VDS-PHOTO-RENOVATION-300x225.jpg 300w\" sizes=\"auto, (max-width: 612px) 100vw, 612px\" \/><\/figure>\n\n\n\n<figure class=\"wp-block-image size-full is-resized\"><img loading=\"lazy\" decoding=\"async\" width=\"1024\" height=\"647\" src=\"http:\/\/ventolini-services.com\/wp-content\/uploads\/2024\/07\/AdobeStock_219424653-BD-1024x647-1.jpg\" alt=\"\" class=\"wp-image-431\" style=\"width:616px;height:auto\" srcset=\"https:\/\/ventolini-services.com\/wp-content\/uploads\/2024\/07\/AdobeStock_219424653-BD-1024x647-1.jpg 1024w, https:\/\/ventolini-services.com\/wp-content\/uploads\/2024\/07\/AdobeStock_219424653-BD-1024x647-1-300x190.jpg 300w, https:\/\/ventolini-services.com\/wp-content\/uploads\/2024\/07\/AdobeStock_219424653-BD-1024x647-1-768x485.jpg 768w\" sizes=\"auto, (max-width: 767px) 89vw, (max-width: 1000px) 54vw, (max-width: 1071px) 543px, 580px\" \/><\/figure>\n\n\n\n<p><strong>N&rsquo;h\u00e9sitez pas \u00e0 nous contacter pour une demande de devis gratuit ou pour toute information compl\u00e9mentaire.<\/strong><\/p>\n\n\n\n<div class=\"wp-block-group\"><div class=\"wp-block-group__inner-container is-layout-constrained wp-block-group-is-layout-constrained\">\n<div class=\"wp-block-buttons is-layout-flex wp-block-buttons-is-layout-flex\">\n<div class=\"wp-block-button has-custom-width wp-block-button__width-50 is-style-fill\"><a class=\"wp-block-button__link has-luminous-vivid-orange-background-color has-background wp-element-button\" href=\"tel:0635026881\"> 06.35.02.68.81<\/a><\/div>\n\n\n\n<div class=\"wp-block-button has-custom-width wp-block-button__width-50\"><a class=\"wp-block-button__link has-luminous-vivid-orange-background-color has-background wp-element-button\" href=\"https:\/\/ventolini-services.com\/index.php\/contact#24h\">Demandez votre devis<\/a><\/div>\n<\/div>\n<\/div><\/div>\n\n\n\n<p><\/p>\n\n\n\n<p class=\"has-luminous-vivid-orange-color has-text-color has-link-color has-small-font-size wp-elements-4ddce148a9cd8668134099a202871a30\"><strong><em>V.D.S, un Service Client adapt\u00e9&nbsp;:<\/em><\/strong><\/p>\n\n\n\n<ul class=\"wp-block-list has-cyan-bluish-gray-color has-text-color has-link-color has-small-font-size wp-elements-14c6620e073cd10357d5acc449bd34ba\">\n<li><strong>Service de proximit\u00e9 sur toute la r\u00e9gion PACA<\/strong><\/li>\n\n\n\n<li><strong>Devis et d\u00e9placement gratuits sous 12h<\/strong><\/li>\n\n\n\n<li><strong>Disponible 7j\/7 et intervention rapide sous 24h<\/strong><\/li>\n\n\n\n<li><strong>D\u00e9barras et nettoyage complet ou sur mesure<\/strong><\/li>\n\n\n\n<li><strong>Sp\u00e9cialiste des acc\u00e8s difficiles<\/strong><\/li>\n\n\n\n<li><strong>Utilisation de mat\u00e9riels et v\u00e9hicules adapt\u00e9s<\/strong><\/li>\n\n\n\n<li><strong>Un tri responsable et respect des normes environnementales<\/strong><\/li>\n\n\n\n<li><strong>\u00c9quipe de professionnels des nettoyages extr\u00eames<\/strong><\/li>\n\n\n\n<li><strong>Nettoyage apr\u00e8s chaque intervention<\/strong><\/li>\n\n\n\n<li><strong>Un service cl\u00e9 en main d\u2019un travail soign\u00e9 et discr\u00e9tion assur\u00e9e<\/strong><\/li>\n<\/ul>\n\n\n\n<figure class=\"wp-block-image size-full\"><img loading=\"lazy\" decoding=\"async\" width=\"275\" height=\"183\" src=\"http:\/\/ventolini-services.com\/wp-content\/uploads\/2024\/07\/telechargement-1.jpeg\" alt=\"\" class=\"wp-image-426\"\/><\/figure>\n\n\n\n<figure class=\"wp-block-image size-full is-resized\"><img loading=\"lazy\" decoding=\"async\" width=\"318\" height=\"159\" src=\"http:\/\/ventolini-services.com\/wp-content\/uploads\/2024\/07\/images-2.jpeg\" alt=\"\" class=\"wp-image-425\" style=\"width:276px;height:auto\" srcset=\"https:\/\/ventolini-services.com\/wp-content\/uploads\/2024\/07\/images-2.jpeg 318w, https:\/\/ventolini-services.com\/wp-content\/uploads\/2024\/07\/images-2-300x150.jpeg 300w\" sizes=\"auto, (max-width: 318px) 100vw, 318px\" \/><\/figure>\n\n\n\n<figure class=\"wp-block-image size-full is-resized\"><img loading=\"lazy\" decoding=\"async\" width=\"275\" height=\"183\" src=\"http:\/\/ventolini-services.com\/wp-content\/uploads\/2024\/07\/images-4.jpeg\" alt=\"\" class=\"wp-image-424\" style=\"width:274px;height:auto\"\/><\/figure>\n\n\n\n<figure class=\"wp-block-image size-full\"><img loading=\"lazy\" decoding=\"async\" width=\"275\" height=\"183\" src=\"http:\/\/ventolini-services.com\/wp-content\/uploads\/2024\/07\/images-7.jpeg\" alt=\"\" class=\"wp-image-430\"\/><\/figure>\n\n\n\n<div class=\"wp-block-group\"><div class=\"wp-block-group__inner-container is-layout-constrained wp-block-group-is-layout-constrained\">\n<figure class=\"wp-block-image size-full is-resized\"><img loading=\"lazy\" decoding=\"async\" width=\"300\" height=\"168\" src=\"http:\/\/ventolini-services.com\/wp-content\/uploads\/2024\/07\/telechargement-6.jpeg\" alt=\"\" class=\"wp-image-428\" style=\"width:275px;height:auto\"\/><\/figure>\n<\/div><\/div>\n\n\n\n<figure class=\"wp-block-image size-full is-resized\"><img loading=\"lazy\" decoding=\"async\" width=\"259\" height=\"194\" src=\"https:\/\/ventolini-services.com\/wp-content\/uploads\/2024\/07\/images-10.jpeg\" alt=\"\" class=\"wp-image-436\" style=\"width:274px;height:auto\"\/><\/figure>\n\n\n\n<figure class=\"wp-block-image size-full\"><img loading=\"lazy\" decoding=\"async\" width=\"275\" height=\"184\" src=\"https:\/\/ventolini-services.com\/wp-content\/uploads\/2024\/07\/images-6.jpeg\" alt=\"\" class=\"wp-image-441\"\/><\/figure>\n","protected":false},"excerpt":{"rendered":"<p>SERVICES DE DEBARRAS Locataire ou propri\u00e9taire, vous souhaitez d\u00e9m\u00e9nager, vendre ou louer votre bien, il est important, avant ou suite \u00e0 un \u00e9tat des lieux, d\u2019effectuer des travaux de nettoyage, de rafra\u00eechissement, de r\u00e9novation ou de r\u00e9paration afin de valoriser au mieux votre bien immobilier. Que ce soit un appartement, une maison, un commerce, une &hellip; <\/p>\n<p class=\"link-more\"><a href=\"https:\/\/ventolini-services.com\/index.php\/service-de-renovation-restauration-et-reparation\/\" class=\"more-link\">Continuer la lecture<span class=\"screen-reader-text\"> de &laquo;&nbsp;R\u00e9novation, Restauration et R\u00e9paration&nbsp;&raquo;<\/span><\/a><\/p>\n","protected":false},"author":1,"featured_media":433,"parent":0,"menu_order":0,"comment_status":"closed","ping_status":"closed","template":"","meta":{"footnotes":""},"class_list":["post-73","page","type-page","status-publish","has-post-thumbnail","hentry"],"yoast_head":"<!-- This site is optimized with the Yoast SEO plugin v23.6 - https:\/\/yoast.com\/wordpress\/plugins\/seo\/ -->\n<title>R\u00e9novation, Restauration et R\u00e9paration - Ventolini D\u00e9barras Services<\/title>\n<meta name=\"description\" content=\"Vous souhaitez vendre ou louer rapidement ? Nous r\u00e9alisons tous les petits travaux de r\u00e9novation et de restauration pour sublimer votre bien et s\u00e9duire les acqu\u00e9reurs ou les locataires.\" \/>\n<meta name=\"robots\" content=\"index, follow, max-snippet:-1, max-image-preview:large, max-video-preview:-1\" \/>\n<link rel=\"canonical\" href=\"https:\/\/ventolini-services.com\/index.php\/service-de-renovation-restauration-et-reparation\/\" \/>\n<meta property=\"og:locale\" content=\"fr_FR\" \/>\n<meta property=\"og:type\" content=\"article\" \/>\n<meta property=\"og:title\" content=\"R\u00e9novation, Restauration et R\u00e9paration - Ventolini D\u00e9barras Services\" \/>\n<meta property=\"og:description\" content=\"Vous souhaitez vendre ou louer rapidement ? Nous r\u00e9alisons tous les petits travaux de r\u00e9novation et de restauration pour sublimer votre bien et s\u00e9duire les acqu\u00e9reurs ou les locataires.\" \/>\n<meta property=\"og:url\" content=\"https:\/\/ventolini-services.com\/index.php\/service-de-renovation-restauration-et-reparation\/\" \/>\n<meta property=\"og:site_name\" content=\"Ventolini D\u00e9barras Services\" \/>\n<meta property=\"article:publisher\" content=\"https:\/\/www.facebook.com\/VentoliniDebarrasServices\" \/>\n<meta property=\"article:modified_time\" content=\"2024-11-15T20:50:27+00:00\" \/>\n<meta property=\"og:image\" content=\"http:\/\/ventolini-services.com\/wp-content\/uploads\/2024\/07\/02_renovation_maison_quels_artisans_la_maison_saint_gobain.jpg\" \/>\n\t<meta property=\"og:image:width\" content=\"1205\" \/>\n\t<meta property=\"og:image:height\" content=\"625\" \/>\n\t<meta property=\"og:image:type\" content=\"image\/jpeg\" \/>\n<meta name=\"twitter:card\" content=\"summary_large_image\" \/>\n<meta name=\"twitter:label1\" content=\"Dur\u00e9e de lecture estim\u00e9e\" \/>\n\t<meta name=\"twitter:data1\" content=\"6 minutes\" \/>\n<script type=\"application\/ld+json\" class=\"yoast-schema-graph\">{\"@context\":\"https:\/\/schema.org\",\"@graph\":[{\"@type\":\"WebPage\",\"@id\":\"https:\/\/ventolini-services.com\/index.php\/service-de-renovation-restauration-et-reparation\/\",\"url\":\"https:\/\/ventolini-services.com\/index.php\/service-de-renovation-restauration-et-reparation\/\",\"name\":\"R\u00e9novation, Restauration et R\u00e9paration - Ventolini D\u00e9barras Services\",\"isPartOf\":{\"@id\":\"https:\/\/ventolini-services.com\/#website\"},\"primaryImageOfPage\":{\"@id\":\"https:\/\/ventolini-services.com\/index.php\/service-de-renovation-restauration-et-reparation\/#primaryimage\"},\"image\":{\"@id\":\"https:\/\/ventolini-services.com\/index.php\/service-de-renovation-restauration-et-reparation\/#primaryimage\"},\"thumbnailUrl\":\"https:\/\/ventolini-services.com\/wp-content\/uploads\/2024\/07\/02_renovation_maison_quels_artisans_la_maison_saint_gobain.jpg\",\"datePublished\":\"2024-05-30T13:47:04+00:00\",\"dateModified\":\"2024-11-15T20:50:27+00:00\",\"description\":\"Vous souhaitez vendre ou louer rapidement ? Nous r\u00e9alisons tous les petits travaux de r\u00e9novation et de restauration pour sublimer votre bien et s\u00e9duire les acqu\u00e9reurs ou les locataires.\",\"breadcrumb\":{\"@id\":\"https:\/\/ventolini-services.com\/index.php\/service-de-renovation-restauration-et-reparation\/#breadcrumb\"},\"inLanguage\":\"fr-FR\",\"potentialAction\":[{\"@type\":\"ReadAction\",\"target\":[\"https:\/\/ventolini-services.com\/index.php\/service-de-renovation-restauration-et-reparation\/\"]}]},{\"@type\":\"ImageObject\",\"inLanguage\":\"fr-FR\",\"@id\":\"https:\/\/ventolini-services.com\/index.php\/service-de-renovation-restauration-et-reparation\/#primaryimage\",\"url\":\"https:\/\/ventolini-services.com\/wp-content\/uploads\/2024\/07\/02_renovation_maison_quels_artisans_la_maison_saint_gobain.jpg\",\"contentUrl\":\"https:\/\/ventolini-services.com\/wp-content\/uploads\/2024\/07\/02_renovation_maison_quels_artisans_la_maison_saint_gobain.jpg\",\"width\":1205,\"height\":625},{\"@type\":\"BreadcrumbList\",\"@id\":\"https:\/\/ventolini-services.com\/index.php\/service-de-renovation-restauration-et-reparation\/#breadcrumb\",\"itemListElement\":[{\"@type\":\"ListItem\",\"position\":1,\"name\":\"Accueil\",\"item\":\"https:\/\/ventolini-services.com\/\"},{\"@type\":\"ListItem\",\"position\":2,\"name\":\"R\u00e9novation, Restauration et R\u00e9paration\"}]},{\"@type\":\"WebSite\",\"@id\":\"https:\/\/ventolini-services.com\/#website\",\"url\":\"https:\/\/ventolini-services.com\/\",\"name\":\"Ventolini D\u00e9barras Services\",\"description\":\"Un engagement \u00e0 votre service, votre partenaire de confiance pour particulier et professionnel.\",\"publisher\":{\"@id\":\"https:\/\/ventolini-services.com\/#organization\"},\"alternateName\":\"vds\",\"potentialAction\":[{\"@type\":\"SearchAction\",\"target\":{\"@type\":\"EntryPoint\",\"urlTemplate\":\"https:\/\/ventolini-services.com\/?s={search_term_string}\"},\"query-input\":{\"@type\":\"PropertyValueSpecification\",\"valueRequired\":true,\"valueName\":\"search_term_string\"}}],\"inLanguage\":\"fr-FR\"},{\"@type\":\"Organization\",\"@id\":\"https:\/\/ventolini-services.com\/#organization\",\"name\":\"Ventolini D\u00e9barras Services\",\"url\":\"https:\/\/ventolini-services.com\/\",\"logo\":{\"@type\":\"ImageObject\",\"inLanguage\":\"fr-FR\",\"@id\":\"https:\/\/ventolini-services.com\/#\/schema\/logo\/image\/\",\"url\":\"https:\/\/ventolini-services.com\/wp-content\/uploads\/2024\/05\/cropped-VDS-vignette1-1.png\",\"contentUrl\":\"https:\/\/ventolini-services.com\/wp-content\/uploads\/2024\/05\/cropped-VDS-vignette1-1.png\",\"width\":250,\"height\":250,\"caption\":\"Ventolini D\u00e9barras Services\"},\"image\":{\"@id\":\"https:\/\/ventolini-services.com\/#\/schema\/logo\/image\/\"},\"sameAs\":[\"https:\/\/www.facebook.com\/VentoliniDebarrasServices\"]}]}<\/script>\n<!-- \/ Yoast SEO plugin. -->","yoast_head_json":{"title":"R\u00e9novation, Restauration et R\u00e9paration - Ventolini D\u00e9barras Services","description":"Vous souhaitez vendre ou louer rapidement ? Nous r\u00e9alisons tous les petits travaux de r\u00e9novation et de restauration pour sublimer votre bien et s\u00e9duire les acqu\u00e9reurs ou les locataires.","robots":{"index":"index","follow":"follow","max-snippet":"max-snippet:-1","max-image-preview":"max-image-preview:large","max-video-preview":"max-video-preview:-1"},"canonical":"https:\/\/ventolini-services.com\/index.php\/service-de-renovation-restauration-et-reparation\/","og_locale":"fr_FR","og_type":"article","og_title":"R\u00e9novation, Restauration et R\u00e9paration - Ventolini D\u00e9barras Services","og_description":"Vous souhaitez vendre ou louer rapidement ? Nous r\u00e9alisons tous les petits travaux de r\u00e9novation et de restauration pour sublimer votre bien et s\u00e9duire les acqu\u00e9reurs ou les locataires.","og_url":"https:\/\/ventolini-services.com\/index.php\/service-de-renovation-restauration-et-reparation\/","og_site_name":"Ventolini D\u00e9barras Services","article_publisher":"https:\/\/www.facebook.com\/VentoliniDebarrasServices","article_modified_time":"2024-11-15T20:50:27+00:00","og_image":[{"width":1205,"height":625,"url":"http:\/\/ventolini-services.com\/wp-content\/uploads\/2024\/07\/02_renovation_maison_quels_artisans_la_maison_saint_gobain.jpg","type":"image\/jpeg"}],"twitter_card":"summary_large_image","twitter_misc":{"Dur\u00e9e de lecture estim\u00e9e":"6 minutes"},"schema":{"@context":"https:\/\/schema.org","@graph":[{"@type":"WebPage","@id":"https:\/\/ventolini-services.com\/index.php\/service-de-renovation-restauration-et-reparation\/","url":"https:\/\/ventolini-services.com\/index.php\/service-de-renovation-restauration-et-reparation\/","name":"R\u00e9novation, Restauration et R\u00e9paration - Ventolini D\u00e9barras Services","isPartOf":{"@id":"https:\/\/ventolini-services.com\/#website"},"primaryImageOfPage":{"@id":"https:\/\/ventolini-services.com\/index.php\/service-de-renovation-restauration-et-reparation\/#primaryimage"},"image":{"@id":"https:\/\/ventolini-services.com\/index.php\/service-de-renovation-restauration-et-reparation\/#primaryimage"},"thumbnailUrl":"https:\/\/ventolini-services.com\/wp-content\/uploads\/2024\/07\/02_renovation_maison_quels_artisans_la_maison_saint_gobain.jpg","datePublished":"2024-05-30T13:47:04+00:00","dateModified":"2024-11-15T20:50:27+00:00","description":"Vous souhaitez vendre ou louer rapidement ? Nous r\u00e9alisons tous les petits travaux de r\u00e9novation et de restauration pour sublimer votre bien et s\u00e9duire les acqu\u00e9reurs ou les locataires.","breadcrumb":{"@id":"https:\/\/ventolini-services.com\/index.php\/service-de-renovation-restauration-et-reparation\/#breadcrumb"},"inLanguage":"fr-FR","potentialAction":[{"@type":"ReadAction","target":["https:\/\/ventolini-services.com\/index.php\/service-de-renovation-restauration-et-reparation\/"]}]},{"@type":"ImageObject","inLanguage":"fr-FR","@id":"https:\/\/ventolini-services.com\/index.php\/service-de-renovation-restauration-et-reparation\/#primaryimage","url":"https:\/\/ventolini-services.com\/wp-content\/uploads\/2024\/07\/02_renovation_maison_quels_artisans_la_maison_saint_gobain.jpg","contentUrl":"https:\/\/ventolini-services.com\/wp-content\/uploads\/2024\/07\/02_renovation_maison_quels_artisans_la_maison_saint_gobain.jpg","width":1205,"height":625},{"@type":"BreadcrumbList","@id":"https:\/\/ventolini-services.com\/index.php\/service-de-renovation-restauration-et-reparation\/#breadcrumb","itemListElement":[{"@type":"ListItem","position":1,"name":"Accueil","item":"https:\/\/ventolini-services.com\/"},{"@type":"ListItem","position":2,"name":"R\u00e9novation, Restauration et R\u00e9paration"}]},{"@type":"WebSite","@id":"https:\/\/ventolini-services.com\/#website","url":"https:\/\/ventolini-services.com\/","name":"Ventolini D\u00e9barras Services","description":"Un engagement \u00e0 votre service, votre partenaire de confiance pour particulier et professionnel.","publisher":{"@id":"https:\/\/ventolini-services.com\/#organization"},"alternateName":"vds","potentialAction":[{"@type":"SearchAction","target":{"@type":"EntryPoint","urlTemplate":"https:\/\/ventolini-services.com\/?s={search_term_string}"},"query-input":{"@type":"PropertyValueSpecification","valueRequired":true,"valueName":"search_term_string"}}],"inLanguage":"fr-FR"},{"@type":"Organization","@id":"https:\/\/ventolini-services.com\/#organization","name":"Ventolini D\u00e9barras Services","url":"https:\/\/ventolini-services.com\/","logo":{"@type":"ImageObject","inLanguage":"fr-FR","@id":"https:\/\/ventolini-services.com\/#\/schema\/logo\/image\/","url":"https:\/\/ventolini-services.com\/wp-content\/uploads\/2024\/05\/cropped-VDS-vignette1-1.png","contentUrl":"https:\/\/ventolini-services.com\/wp-content\/uploads\/2024\/05\/cropped-VDS-vignette1-1.png","width":250,"height":250,"caption":"Ventolini D\u00e9barras Services"},"image":{"@id":"https:\/\/ventolini-services.com\/#\/schema\/logo\/image\/"},"sameAs":["https:\/\/www.facebook.com\/VentoliniDebarrasServices"]}]}},"_links":{"self":[{"href":"https:\/\/ventolini-services.com\/index.php\/wp-json\/wp\/v2\/pages\/73","targetHints":{"allow":["GET"]}}],"collection":[{"href":"https:\/\/ventolini-services.com\/index.php\/wp-json\/wp\/v2\/pages"}],"about":[{"href":"https:\/\/ventolini-services.com\/index.php\/wp-json\/wp\/v2\/types\/page"}],"author":[{"embeddable":true,"href":"https:\/\/ventolini-services.com\/index.php\/wp-json\/wp\/v2\/users\/1"}],"replies":[{"embeddable":true,"href":"https:\/\/ventolini-services.com\/index.php\/wp-json\/wp\/v2\/comments?post=73"}],"version-history":[{"count":14,"href":"https:\/\/ventolini-services.com\/index.php\/wp-json\/wp\/v2\/pages\/73\/revisions"}],"predecessor-version":[{"id":487,"href":"https:\/\/ventolini-services.com\/index.php\/wp-json\/wp\/v2\/pages\/73\/revisions\/487"}],"wp:featuredmedia":[{"embeddable":true,"href":"https:\/\/ventolini-services.com\/index.php\/wp-json\/wp\/v2\/media\/433"}],"wp:attachment":[{"href":"https:\/\/ventolini-services.com\/index.php\/wp-json\/wp\/v2\/media?parent=73"}],"curies":[{"name":"wp","href":"https:\/\/api.w.org\/{rel}","templated":true}]}}